{"id":707,"date":"2020-04-09T08:06:42","date_gmt":"2020-04-09T08:06:42","guid":{"rendered":"http:\/\/www.eleca.eu\/?page_id=707"},"modified":"2020-04-09T08:13:56","modified_gmt":"2020-04-09T08:13:56","slug":"eleca-sa-zapojila-do-pomoci-nasim-zdravotnikom-v-boji-s-covid-19","status":"publish","type":"page","link":"http:\/\/www.eleca.eu\/?page_id=707","title":{"rendered":"Nov\u00e9 !!! &#8211; Eleca sa zapojila do pomoci na\u0161im zdravotn\u00edkom v boji s Covid-19"},"content":{"rendered":"\n<div class=\"wp-block-media-text alignwide has-media-on-the-right is-vertically-aligned-center\"><figure class=\"wp-block-media-text__media\"><img loading=\"lazy\" decoding=\"async\" width=\"1024\" height=\"768\" src=\"http:\/\/www.eleca.eu\/wp-content\/uploads\/2020\/04\/20200402_204749-1024x768.jpg\" alt=\"\" class=\"wp-image-708\" srcset=\"http:\/\/www.eleca.eu\/wp-content\/uploads\/2020\/04\/20200402_204749-1024x768.jpg 1024w, http:\/\/www.eleca.eu\/wp-content\/uploads\/2020\/04\/20200402_204749-300x225.jpg 300w, http:\/\/www.eleca.eu\/wp-content\/uploads\/2020\/04\/20200402_204749-768x576.jpg 768w, http:\/\/www.eleca.eu\/wp-content\/uploads\/2020\/04\/20200402_204749-1536x1152.jpg 1536w, http:\/\/www.eleca.eu\/wp-content\/uploads\/2020\/04\/20200402_204749-2048x1536.jpg 2048w\" sizes=\"(max-width: 767px) 89vw, (max-width: 1000px) 54vw, (max-width: 1071px) 543px, 580px\" \/><\/figure><div class=\"wp-block-media-text__content\">\n<p class=\"has-text-align-center\">Aj my sme sa rozhodli akt\u00edvne zapoji\u0165 do boja proti Covid-19. In\u0161pirovali sme  sa zverejnen\u00fdm n\u00e1padom u v\u00fdrobcu na\u0161ej 3D-tla\u010diarne Prusa Research, zohnali sme potrebn\u00fd materi\u00e1l, oslovili sme zdravotn\u00edcke zariadenia v na\u0161om okol\u00ed s ponukou \u0161t\u00edtov zadarmo. Doposia\u013e sme vyrobili a rozdali 16 \u0161t\u00edtov trom zariadeniam v Nitre a  pokia\u013e n\u00e1m to okolnosti a obmedzen\u00e9 v\u00fdrobn\u00e9 a materi\u00e1lov\u00e9 mo\u017enosti dovolia budeme tak pokra\u010dova\u0165 \u010falej.<\/p>\n<\/div><\/div>\n\n\n\n<figure class=\"wp-block-image size-large\"><img loading=\"lazy\" decoding=\"async\" width=\"1024\" height=\"497\" src=\"http:\/\/www.eleca.eu\/wp-content\/uploads\/2020\/04\/IMG-20200403-WA0000-1024x497.jpg\" alt=\"\" class=\"wp-image-712\" srcset=\"http:\/\/www.eleca.eu\/wp-content\/uploads\/2020\/04\/IMG-20200403-WA0000-1024x497.jpg 1024w, http:\/\/www.eleca.eu\/wp-content\/uploads\/2020\/04\/IMG-20200403-WA0000-300x146.jpg 300w, http:\/\/www.eleca.eu\/wp-content\/uploads\/2020\/04\/IMG-20200403-WA0000-768x373.jpg 768w, http:\/\/www.eleca.eu\/wp-content\/uploads\/2020\/04\/IMG-20200403-WA0000-1536x746.jpg 1536w, http:\/\/www.eleca.eu\/wp-content\/uploads\/2020\/04\/IMG-20200403-WA0000.jpg 1600w\" sizes=\"(max-width: 767px) 89vw, (max-width: 1000px) 54vw, (max-width: 1071px) 543px, 580px\" \/><\/figure>\n","protected":false},"excerpt":{"rendered":"<p>Aj my sme sa rozhodli akt\u00edvne zapoji\u0165 do boja proti Covid-19. In\u0161pirovali sme sa zverejnen\u00fdm n\u00e1padom u v\u00fdrobcu na\u0161ej 3D-tla\u010diarne Prusa Research, zohnali sme potrebn\u00fd materi\u00e1l, oslovili sme zdravotn\u00edcke zariadenia v na\u0161om okol\u00ed s ponukou \u0161t\u00edtov zadarmo. Doposia\u013e sme vyrobili a rozdali 16 \u0161t\u00edtov trom zariadeniam v Nitre a pokia\u013e n\u00e1m to okolnosti a obmedzen\u00e9 &hellip; <\/p>\n<p class=\"link-more\"><a href=\"http:\/\/www.eleca.eu\/?page_id=707\" class=\"more-link\">Continue reading<span class=\"screen-reader-text\"> &#8220;Nov\u00e9 !!! &#8211; Eleca sa zapojila do pomoci na\u0161im zdravotn\u00edkom v boji s Covid-19&#8221;<\/span><\/a><\/p>\n","protected":false},"author":1,"featured_media":0,"parent":0,"menu_order":0,"comment_status":"closed","ping_status":"closed","template":"","meta":{"footnotes":""},"_links":{"self":[{"href":"http:\/\/www.eleca.eu\/index.php?rest_route=\/wp\/v2\/pages\/707"}],"collection":[{"href":"http:\/\/www.eleca.eu\/index.php?rest_route=\/wp\/v2\/pages"}],"about":[{"href":"http:\/\/www.eleca.eu\/index.php?rest_route=\/wp\/v2\/types\/page"}],"author":[{"embeddable":true,"href":"http:\/\/www.eleca.eu\/index.php?rest_route=\/wp\/v2\/users\/1"}],"replies":[{"embeddable":true,"href":"http:\/\/www.eleca.eu\/index.php?rest_route=%2Fwp%2Fv2%2Fcomments&post=707"}],"version-history":[{"count":8,"href":"http:\/\/www.eleca.eu\/index.php?rest_route=\/wp\/v2\/pages\/707\/revisions"}],"predecessor-version":[{"id":721,"href":"http:\/\/www.eleca.eu\/index.php?rest_route=\/wp\/v2\/pages\/707\/revisions\/721"}],"wp:attachment":[{"href":"http:\/\/www.eleca.eu\/index.php?rest_route=%2Fwp%2Fv2%2Fmedia&parent=707"}],"curies":[{"name":"wp","href":"https:\/\/api.w.org\/{rel}","templated":true}]}}